undreds digit of 703?
7
What is the thousands digit of 108449?
8
What is the tens digit of 65485?
8
What is the hundreds digit of 10305?
3
What is the units digit of 3810?
0
What is the tens digit of 31311?
1
What is the hundreds digit of 9289?
2
What is the units digit of 26033?
3
What is the ten thousands digit of 81869?
8
What is the units digit of 20210?
0
What is the tens digit of 1003?
0
What is the hundreds digit of 1122?
1
What is the thousands digit of 112300?
2
What is the tens digit of 1633?
3
What is the hundreds digit of 430?
4
What is the ten thousands digit of 38150?
3
What is the tens digit of 155?
5
What is the tens digit of 6328?
2
What is the thousands digit of 7735?
7
What is the hundreds digit of 6600?
6
What is the tens digit of 15009?
0
What is the units digit of 730?
0
What is the ten thousands digit of 79015?
7
What is the tens digit of 22673?
7
What is the hundreds digit of 612?
6
What is the hundreds digit of 8707?
7
What is the ten thousands digit of 11031?
1
What is the thousands digit of 6097?
6
What is the hundreds digit of 1774?
7
What is the hundreds digit of 706?
7
What is the hundreds digit of 1406?
4
What is the tens digit of 7304?
0
What is the units digit of 867?
7
What is the tens digit of 7747?
4
What is the thousands digit of 133095?
3
What is the tens digit of 2728?
2
What is the units digit of 2021?
1
What is the hundreds digit of 847?
8
What is the thousands digit of 50456?
0
What is the units digit of 85718?
8
What is the units digit of 8679?
9
What is the tens digit of 1264?
6
What is the tens digit of 227?
2
What is the units digit of 883?
3
What is the hundreds digit of 827?
8
What is the hundreds digit of 7244?
2
What is the tens digit of 27120?
2
What is the units digit of 2409?
9
What is the units digit of 207?
7
What is the tens digit of 37?
3
What is the tens digit of 1595?
9
What is the ten thousands digit of 69336?
6
What is the hundreds digit of 75393?
3
What is the thousands digit of 3161?
3
What is the units digit of 42966?
6
What is the hundreds digit of 38237?
2
What is the units digit of 36388?
8
What is the hundreds digit of 71524?
5
What is the hundreds digit of 6986?
9
What is the hundreds digit of 456?
4
What is the tens digit of 128445?
4
What is the units digit of 11997?
7
What is the hundreds digit of 12260?
2
What is the thousands digit of 139845?
9
What is the units digit of 229?
9
What is the thousands digit of 9197?
9
What is the units digit of 90837?
7
What is the thousands digit of 16453?
6
What is the tens digit of 981?
8
What is the tens digit of 509?
0
What is the units digit of 600?
0
What is the tens digit of 3684?
8
What is the tens digit of 3026?
2
What is the hundreds digit of 370?
3
What is the units digit of 1805?
5
What is the thousands digit of 15237?
5
What is the units digit of 1936?
6
What is the tens digit of 1115?
1
What is the units digit of 3842?
2
What is the hundreds digit of 11892?
8
What is the units digit of 592?
2
What is the tens digit of 23741?
4
What is the units digit of 12373?
3
What is the thousands digit of 2705?
2
What is the thousands digit of 4145?
4
What is the ten thousands digit of 121491?
2
What is the tens digit of 4014?
1
What is the thousands digit of 25523?
5
What is the tens digit of 521?
2
What is the tens digit of 33490?
9
What is the units digit of 7108?
8
What is the hundreds digit of 3896?
8
What is the thousands digit of 1383?
1
What is the tens digit of 23696?
9
What is the units digit of 800?
0
What is the units digit of 1559?
9
What is the tens digit of 47944?
4
What is the thousands digit of 1741?
1
What is the thousands digit of 10571?
0
What is the tens digit of 2731?
3
What is the units digit of 3176?
6
What is the tens digit of 446?
4
What is the tens digit of 16866?
6
What is the hundreds digit of 14898?
8
What is the units digit of 29342?
2
What is the thousands digit of 7182?
7
What is the units digit of 2742?
2
What is the tens digit of 715?
1
What is the units digit of 73143?
3
What is the hundreds digit of 4678?
6
What is the ten thousands digit of 11932?
1
What is the thousands digit of 44675?
4
What is the units digit of 134579?
9
What is the thousands digit of 10921?
0
What is the units digit of 9242?
2
What is the units digit of 28288?
8
What is the units digit of 65703?
3
What is the units digit of 91?
1
What is the tens digit of 62478?
7
What is the tens digit of 14163?
6
What is the hundreds digit of 9434?
4
What is the units digit of 1840?
0
What is the tens digit of 1759?
5
What is the units digit of 98?
8
What is the thousands digit of 17078?
7
What is the hundreds digit of 19978?
9
What is the hundreds digit of 6646?
6
What is the thousands digit of 127919?
7
What is the tens digit of 935?
3
What is the tens digit of 146?
4
What is the ten thousands digit of 24019?
2
What is the hundreds digit of 377?
3
What is the units digit of 581?
1
What is the hundreds digit of 1043?
0
What is the tens digit of 1073?
7
What is the thousands digit of 5335?
5
What is the thousands digit of 1077?
1
What is the thousands digit of 2272?
2
What is the thousands digit of 5071?
5
What is the ten thousands digit of 119241?
1
What is the thousands digit of 12092?
2
What is the hundreds digit of 462?
4
What is the ten thousands digit of 79613?
7
What is the units digit of 1813?
3
What is the thousands digit of 21185?
1
What is the units digit of 54107?
7
What is the units digit of 1803?
3
What is the hundreds digit of 1810?
8
What is the hundreds digit of 416?
4
What is the tens digit of 520?
2
What is the hundreds digit of 34798?
7
What is the thousands digit of 2094?
2
What is the tens digit of 1471?
7
What is the units digit of 1281?
1
What is the tens digit of 3401?
0
What is the hundreds digit of 2369?
3
What is the hundreds digit of 5934?
9
What is the hundreds digit of 57023?
0
What is the units digit of 2628?
8
What is the hundreds digit of 15537?
5
What is the hundreds digit of 882?
8
What is the hundreds digit of 22466?
4
What is the thousands digit of 2391?
2
What is the hundreds digit of 2335?
3
What is the units digit of 18344?
4
What is the tens digit of 253?
5
What is the thousands digit of 4648?
4
What is the thousands digit of 31101?
1
What is the units digit of 1278?
8
What is the tens digit of 2603?
0
What is the tens digit of 281?
8
What is the units digit of 1758?
8
What is the ten thousands digit of 26412?
2
What is the tens digit of 166?
6
What is the units digit of 11492?
2
What is the thousands digit of 50446?
0
What is the ten thousands digit of 65387?
6
What is the hundreds digit of 18866?
8
What is the tens digit of 1034?
3
What is the tens digit of 58842?
4
What is the hundreds digit of 2975?
9
What is the tens digit of 1063?
6
What is the units digit of 111?
1
What is the units digit of 57392?
2
What is the hundreds digit of 162?
1
What is the units digit of 38547?
7
What is the tens digit of 10927?
2
What is the ten thousands digit of 82962?
8
What is the units digit of 999?
9
What is the thousands digit of 121283?
1
What is the tens digit of 866?
6
What is the tens digit of 1413?
1
What is the units digit of 26040?
0
What is the tens digit of 57229?
2
What is the tens digit of 1669?
6
What is the tens digit of 32781?
8
What is the tens digit of 98?
9
What is the hundred thousands digit of 149366?
1
What is the tens digit of 365?
6
What is the thousands digit of 1996?
1
What is the tens digit of 65176?
7
What is the tens digit of 3096?
9
What is the thousands digit of 6758?
6
What is the hundreds digit of 5840?
8
What is the units digit of 5632?
2
What is the units digit of 7218?
8
What is the ten thousands digit of 47342?
4
What is the ten thousands digit of 37437?
3
What is the tens digit of 5781?
8
What is the thousands digit of 10900?
0
What is the units digit of 30296?
6
What is the tens digit of 3040?
4
What is the ten thousands digit of 18844?
1
What is the tens digit of 2732?
3
What is the thousands digit of 27339?
7
What is the ten thousands digit of 17818?
1
What is the tens digit of 76686?
8
What is the units digit of 35974?
4
What is the tens digit of 1655?
5
What is the hundreds digit of 1544?
5
What is the thousands digit of 69412?
9
What is the tens digit of 680?
8
What